et v be (5 - (-68)/(-16))*d. What is the highest common factor of 9 and v?
9
Let c(x) = -x**2 + 4*x + 2. Let m be c(0). Suppose -3*t - m*k = t - 350, 4*t = 3*k + 375. Calculate the greatest common factor of 15 and t.
15
Suppose 354 + 690 = 3*d. Suppose t + 3*c = 18, -2*t + 8*c + 18 = 5*c. What is the greatest common divisor of d and t?
12
Let r(k) = -k**3 - 3*k**2 - 3*k - 1. Let z be r(-3). Let o(q) = q**2 - 29. Let i be o(9). Let p = -51 + i. What is the greatest common divisor of z and p?
1
Let h be 28 + -15*12/(-54)*-3. Calculate the greatest common divisor of 75150 and h.
18
Let g(a) = -a**3 + 7*a**2 - 8*a + 14. Let c be g(6). Suppose 2*b - 36 = -c*b. Let s = 25 - b. What is the highest common divisor of 8 and s?
8
Let l(p) = -p**3 + 47*p**2 - 260*p - 48. Let c be l(8). What is the highest common divisor of c and 784?
16
Let a = 145 - 29. Suppose -125*r = -83*r - 168. Calculate the greatest common divisor of a and r.
4
Suppose -14*r + 6 + 34 + 30 = 0. Let n(z) = z + 5. Let j be n(-4). What is the greatest common factor of j and r?
1
Let q = 23250 - 4297. What is the greatest common divisor of 22 and q?
11
Suppose 0 = 4*o - 3*b - 135, 4*o + b - 6*b - 129 = 0. Let k be 2052/108 - (-77)/(-11). Calculate the greatest common divisor of o and k.
12
Suppose 2*c - 3*x + 19 = 0, 3*x - 3 - 1 = -c. Let w(n) = n**2 - 7*n - 22. Let y be w(10). Let m = c + y. Calculate the highest common factor of 24 and m.
3
Let c(z) = z**3 + 47*z**2 - 86*z + 34. Let n be c(-46). What is the greatest common factor of 710 and n?
142
Let a(k) = -96*k + 1933. Let y be a(19). Calculate the highest common factor of y and 4033.
109
Suppose -21*b + 9672 = -57*b + 88*b. What is the highest common divisor of 12 and b?
6
Let w be (0 - 0) + (4 - (7 - 4)). Let k(r) = 63*r + 2. Let x be k(w). What is the highest common divisor of x and 39?
13
Let t = 5214 - 3504. What is the highest common divisor of 20 and t?
10
Let y be ((-126)/(-5))/3 - (-270)/(-675). Suppose 3*i + 4*i - 532 = 0. What is the highest common divisor of y and i?
4
Let f be 63/42*(-2 + 4). Suppose -8 = -f*x - 11, -2*d + 15 = -5*x. Suppose -3*i - 10 = -160. Calculate the highest common factor of i and d.
5
Suppose 3*u + 131 = 2*m - 0*u, 5*m = 3*u + 341. Let x be -381*(-4 + 96/36). Let j = x + -480. What is the greatest common factor of m and j?
14
Let v(y) = 766*y - 22. Let b be v(1). What is the highest common divisor of b and 216?
24
Let z = -12223 - -12243. What is the highest common factor of z and 28?
4
Let s = -1205 - -1250. Calculate the highest common divisor of s and 387.
9
Let r = -807 + 1671. Calculate the highest common factor of r and 204.
12
Suppose 12*h = -3*h - 180. Let o be 9*(-64)/h - -4. Calculate the highest common factor of o and 364.
52
Suppose -d - 2*z - 15 = 0, 5*z = 4*d + 2 - 7. Let l be d + (-7 - -664 - 4). What is the greatest common factor of 18 and l?
18
Let c(w) = -320*w - 728. Let v be c(-7). What is the greatest common factor of v and 216?
216
Let s(t) = 15*t - 1. Let i be s(3). Let y be 5/((-25)/(-215)) + -2 + 3. Calculate the highest common divisor of y and i.
44
Let h(s) = -2*s**3 - 14*s**2 - 9*s - 54. Let u be h(-10). What is the highest common factor of 12 and u?
12
Let v(q) = q**3 - 25*q**2 + 30*q - 16. Let z = -112 - -144. Suppose -z = -8*t + 160. Let k be v(t). What is the highest common divisor of 8 and k?
8
Let l(j) = 2*j**3 - j**2 + 2*j + 1. Let o(y) = -y**2 - 15*y - 42. Let u be o(-11). Let b be l(u). Calculate the greatest common factor of 272 and b.
17
Let h = 15269 + -6352. Calculate the highest common factor of 74 and h.
37
Let b(w) = 19*w**2 - 4*w - 679. Let u be b(28). What is the highest common divisor of u and 273?
91
Let g = -99 + 439. Calculate the highest common divisor of 748 and g.
68
Let l be (26/559 - 15355/86)/(1/(-2)). What is the greatest common divisor of 651 and l?
21
Let v(b) = 11*b**3 - 2*b**2 - 24*b - 17. Let j be v(4). What is the greatest common factor of j and 52?
13
Suppose 0 = 10*y - 41 - 19. Suppose 221 = y*m + 23. What is the highest common factor of 231 and m?
33
Suppose 10 + 2 = -2*p. Let h be (-120)/(-9)*-3*3/p. What is the highest common divisor of h and 60?
20
Let k = -14475 - -15091. What is the highest common divisor of k and 748?
44
Let c = -416 - -451. Let i = -6 + 10. Suppose 5*o - 171 = -2*q, -128 = -2*o + i*q - 50. What is the highest common factor of c and o?
35
Suppose -139*h + 874 = -136*h + b, 0 = -3*h + 5*b + 886. What is the greatest common factor of h and 10658?
146
Let p(k) = -k**3 + 6*k**2 + 18*k - 41. Let g be p(-4). Calculate the greatest common divisor of g and 611.
47
Let z = 123 - 87. Suppose -u + 238 = 3*x - 6*u, -160 = -2*x + 3*u. Let a = 122 - x. What is the greatest common factor of a and z?
36
Let s = 30889 + -30774. Suppose z - 299 = g, 0*g = -2*z - 2*g + 598. What is the highest common factor of s and z?
23
Let k(b) = 3*b**2 + 4*b - 1. Let g be k(3). Suppose -4*y + 5*c + 2375 = 0, 3*y - 5*c = -g + 1813. What is the highest common divisor of 75 and y?
75
Let q(p) = 5*p**2 - 132*p - 2655. Let k be q(-25). Calculate the greatest common divisor of 260 and k.
130
Suppose -3*z + 29 = 14, 2843 = 3*c + z. Calculate the greatest common factor of 86 and c.
86
Let c = -86 + 84. Let d(o) = 7*o**2 - 2. Let y be d(c). Suppose 3*a - 53 = -5*t + 142, 4*t - 156 = 5*a. Calculate the highest common divisor of y and t.
13
Let j(y) be the third derivative of 3*y**5/20 - 13*y**4/4 + 2*y**3/3 + 21*y**2 + y. Let g be j(12). Calculate the greatest common divisor of 28 and g.
28
Let g(a) = -a**3 + 14*a**2 + 11*a + 72. Let w be g(15). What is the greatest common divisor of 17268 and w?
12
Let w(u) be the first derivative of 2*u**3/3 - 6*u - 23. Let a be w(-2). What is the greatest common factor of a and 3?
1
Let m = -5961 + 5958. Let h(z) be the first derivative of -4*z**2 - 13*z + 2. Let b be h(m). Calculate the greatest common divisor of b and 33.
11
Suppose -2*n + 2*h + 18 = 0, 4*n = -h - 1 + 27. Let a = n - 7. Suppose 3*p - 66 - 42 = a. Calculate the highest common divisor of p and 9.
9
Let x be -1*(-208 + 3 + -1). Suppose 5*k = 69 + x. Let o = k + -37. Calculate the highest common factor of o and 36.
18
Let j = 8991 - 8741. Calculate the greatest common factor of j and 10.
10
Suppose -z + 4*r + 350 = -694, -2*z - 3*r = -2077. Suppose -11*t + z = 72. Let x = 90 - t. What is the greatest common factor of 16 and x?
2
Suppose 5*g - 5*i = 18 - 23, 2*i = -2*g + 18. Suppose -g*d + 73 - 33 = 0. Suppose 0 = -2*h - h + 150. What is the highest common factor of h and d?
10
Let m be ((-198)/(-8))/(((-225)/40)/15). Let w be (m/(-5))/(66/495). Let n be ((-234)/65)/(4/(-10)). Calculate the highest common divisor of w and n.
9
Let h = -9347 + 9492. Let v be 3/(-2 - (-59)/29). What is the highest common divisor of h and v?
29
Let k be (-45)/(-6)*444*20/15. Suppose 96*t - 111*t + k = 0. Calculate the greatest common factor of t and 185.
37
Let y(m) = -15*m - 3. Let c be y(-1). Suppose 2*l = -t + 3*t + c, -5*t = -4*l + 28. Let g be 6/l + (-7)/(-1). What is the greatest common divisor of g and 10?
10
Let y(w) = 16*w - 12. Let i be y(-15). Let z = -126 - i. Calculate the greatest common divisor of 14 and z.
14
Let d = -22015 - -25394. What is the highest common factor of 872 and d?
109
Let s(k) = -65*k - 421. Let i be s(-7). Suppose 4*v + 4*r - 1220 = 0, 3*r = -0*v - 2*v + 609. Calculate the greatest common factor of i and v.
34
Let f = 8067 - 7974. Calculate the highest common divisor of 5859 and f.
93
Let g be 4 + -2 - 4 - 56641/(-13). What is the highest common divisor of 65 and g?
65
Let n = 280 + -278. Calculate the greatest common divisor of 234 and n.
2
Let d(x) = -10*x - 1. Let y be d(-1). Suppose 13*r - y*r = 176. Suppose -r + 62 = 3*c. What is the greatest common divisor of 9 and c?
3
Suppose 0 = q + 5*y + 39, -60*q + 4*y + 121 = 29. What is the highest common factor of q and 929?
1
Let s be ((-1)/(-4))/(11/19932). Let o = -255 + s. Calculate the greatest common factor of o and 126.
18
Let s(d) = -11*d + 22. Let m be s(0). Suppose t + 4*f - 24 = 0, 0 = -3*t + 5*f + 9 - m. Calculate the highest common factor of t and 22.
2
Suppose -4*i = -5*u - 3*i + 436, 3*i + 252 = 3*u. Let c be (-3)/(63/(-6))*91. Let o = c - 15. What is the highest commo